uppose 0 = -3*m - 9, -2*m - q + 1 = -4*y. Suppose -3*c - y = -870. What is the units digit of c?
7
Suppose 13*j - 16 = 10*j - 2*t, -2*j + 3*t - 11 = 0. Suppose j*m = -472 + 2444. What is the units digit of m?
6
What is the tens digit of (12164/(-7))/((-44)/154)?
8
Let t(f) = 58*f**3 + 21*f + 6. Let h be t(5). Suppose -3*p - 14*p = -h. What is the tens digit of p?
3
What is the hundreds digit of 1426768/392*455/26?
6
What is the hundreds digit of -3 + 4 + 12 + (-7882147)/(-259)?
4
Let z(g) be the second derivative of 0 - g**3 + 4/3*g**4 - 8*g + 1/20*g**5 + 5*g**2. What is the hundreds digit of z(-16)?
1
Suppose 0 = 4*m - 5*n - 5 - 43, 4*m = 4*n + 52. Suppose m - 14 = h. Suppose 0 = h*t + 70 - 265. What is the units digit of t?
5
Let l(v) = -234*v - 19. Let o be l(-2). Suppose 2*j = -4*b + 1484, o = -2*b - 3*j + 1199. What is the units digit of b?
9
Let s = -47 + 48. Suppose -2*z = i - 14, -3*i + 8 = -z + s. Suppose i = h - 0. What is the units digit of h?
4
Suppose -2258*w - 79130 = -2268*w. What is the units digit of w?
3
Suppose 6 = 2*c + 2*q - 0*q, 18 = c + 4*q. Let v be (c/2)/(2 - (-231)/(-114)). Suppose 4*j + 30 = v. What is the units digit of j?
2
Let p(l) = l**3 - 4*l**2 + 8*l + 12. Let t(n) = 28*n + 1. Let m be t(1). Suppose m*c - 25 = 24*c. What is the units digit of p(c)?
7
Suppose 26*z + 237192 = 915220. What is the thousands digit of z?
6
Let s be (1 - 3)*(-2 + (19 - -5)). Let u = s - -91. Let n = 174 - u. What is the units digit of n?
7
Suppose 0 = 300*y - 310*y + 3700. What is the hundreds digit of y?
3
Let t(y) be the third derivative of 4*y**6/5 - y**5/10 + y**4/4 + 138*y**2. What is the hundreds digit of t(2)?
7
Suppose -15*r - 2802 = -16*r. Suppose 5*m - r + 687 = 0. What is the tens digit of m?
2
Let m(g) = g**2 - 7*g - 23. Let a be m(10). Suppose 2*w = -3*q + 33, 5*w = q + a - 35. What is the tens digit of q?
1
What is the tens digit of (-3892161)/(-105) - 72/(-40)?
7
Let a = 239 - 1161. Let c = 324 - a. What is the hundreds digit of c?
2
What is the tens digit of 5591 + (-17)/((-85)/(-45))?
8
Let z be -382*2/(-32) - (-3)/24. Suppose 16*y - z*y + 720 = 0. What is the units digit of y?
0
Suppose -4*o = -2*o - 2*j - 1916, 0 = -2*o + 5*j + 1928. Suppose 14*x - 5*x - o = 0. What is the tens digit of x?
0
Let b = -1579 - -599. Let u = 1424 + b. What is the hundreds digit of u?
4
What is the thousands digit of 5/((-25)/6)*(-761800)/156?
5
Suppose 58*g - 60*g + 2*f + 1038 = 0, -2*f = -g + 517. What is the tens digit of g?
2
Let x be 3*(-12)/(-30)*-215. Let k = 546 + x. What is the tens digit of k?
8
What is the tens digit of (16/20)/(27/1433430)?
7
Let i = -67313 - -95397. What is the thousands digit of i?
8
Let l(n) = -72*n**3 - 3*n**2 - 121*n + 76. What is the ten thousands digit of l(-11)?
9
Let m = 39979 - -23843. What is the hundreds digit of m?
8
Suppose -3*n - x = 149, n = 2*n + x + 47. Let t = n - -44. What is the units digit of (-22 - -1)*4/6*t?
8
Let f(x) = 73*x**2 - 88*x - 243. What is the tens digit of f(-3)?
7
Let c be (4/16 + -1)*-796. Let y = -160 + c. What is the units digit of y?
7
Let v(i) = -2*i**3 + 9*i**2 + 54*i + 227. What is the units digit of v(-17)?
6
Let f be (-12)/(-18) - 26/(-6). What is the hundreds digit of 1220/3 - (f - 112/21)?
4
Let c be (12/8)/(3/(-27))*2. Let z = 113 - c. What is the hundreds digit of z?
1
Let g = 35529 + -21208. What is the thousands digit of g?
4
Let r be 10/20*(102 + 0). Let y = 368 - r. What is the tens digit of y?
1
Suppose o = -4*o + 4*n + 4, -o = -5*n + 16. Let d be 951/(-27) - o/(-18). Let j = d - -44. What is the units digit of j?
9
Suppose 4*t + 2235 = 13347. Suppose -t - 5594 = -7*y. What is the hundreds digit of y?
1
Let d(v) = -4*v**2 - v + 7. Let a be d(-3). Let b = -106 - a. Let h = b + 131. What is the tens digit of h?
5
Let f(d) = d**3 - 8*d**2 + 12*d - 1. Let u be (12/(-10))/((-8 + 2)/30). Let n be f(u). What is the units digit of (-3 - n)*(-51)/6?
7
Let c(k) = k**2 + 6*k + 8. Suppose 17*q + 2 = 16*q. Let t be (-357)/34 + (-1)/q. What is the tens digit of c(t)?
4
Let n(v) = 143*v - 11. Let w be n(4). Let b = 861 - w. What is the tens digit of b?
0
What is the tens digit of 1 - -37827 - (-342 + 353)?
1
Suppose -d + 5*d = -64. Let t = -1721 + 1750. Let h = t + d. What is the tens digit of h?
1
Let i(f) = 627*f**2 - 2*f - 1. Let u be i(-1). Let t = -85 + u. What is the tens digit of t?
4
Suppose 2*d = -4 + 4. Let t be (d + 0)/(0 + -1). Suppose t = -0*n + n - c - 84, 3*c + 334 = 4*n. What is the tens digit of n?
8
Suppose -3*u = 4*i - 2011 - 877, -2*u = i - 717. Let z = i + -94. What is the units digit of z?
1
Let r(a) = -8*a**2 - 17*a - 96. Let z(v) = 9*v**2 + 15*v + 94. Let w(x) = -7*r(x) - 6*z(x). What is the tens digit of w(-20)?
2
Let y = -568 - -555. Let k(z) = -56*z - 26. What is the units digit of k(y)?
2
Let k(d) = 42*d**2 + 3*d - 264. What is the thousands digit of k(15)?
9
Let t be (-9)/6 + (-1183)/(-14). Let g = 256 + -250. Suppose -t = -g*n + 133. What is the units digit of n?
6
Suppose -49405 + 1628055 = 50*y. What is the units digit of y?
3
Suppose -3*y + 279 = a, 5*y + 1792 = 4*a + 693. Let t be 80/44 - (-8)/44. Suppose 4*c + t*k + 2*k - a = 0, 0 = 4*c - 5*k - 321. What is the tens digit of c?
7
Let x(s) = -s**2 - 20. Let u be x(0). Let i = u - -16. Let n(b) = -2*b**3 - b**2 - 4*b - 14. What is the units digit of n(i)?
4
Suppose -50*x + 557910 = -8*x - 584532. What is the thousands digit of x?
7
Let f = -50 + 352. Suppose -1341 = -4*r + r. Let c = r - f. What is the units digit of c?
5
Suppose a - 2*a = 7*a. Suppose a = 5*r - 8*r + 2*t + 2764, -1852 = -2*r - t. What is the hundreds digit of (-2 + 18/4)/(11/r)?
2
Let a(u) = -u**3 - 7*u**2 + 15*u - 9. Let z be a(-9). What is the units digit of (-441)/z*7/((-14)/4)?
9
Let n(z) be the first derivative of 4*z**3/3 + 21*z**2/2 - 13*z - 65. What is the hundreds digit of n(9)?
5
Let x = 105 - 109. What is the units digit of 1/5 + (x - (-23198)/35)?
9
Suppose 5*u = -3*s - 25, 11 = -s - 3*u - 0*u. What is the units digit of -3 - (2 - (-15)/s) - -876?
4
Let n = 11623 + 25115. What is the units digit of n?
8
Let t = -259 - -275. Suppose -t*d + 506 + 4918 = 0. What is the hundreds digit of d?
3
Let c = 3040 - 1096. Let q = c + -1040. What is the hundreds digit of q?
9
Let m(b) be the third derivative of -b**5/60 + 19*b**4/12 + 139*b**3/6 + 49*b**2. What is the hundreds digit of m(36)?
2
Let x(t) = 1882*t**2 - 1284*t + 5. What is the units digit of x(-5)?
5
Suppose 0 = -4*k + 11 - 15. Let d(q) = -307*q - 15. What is the units digit of d(k)?
2
Suppose 0 = -2*f + t + 35075, 100024 = 4*f + t + 29865. What is the hundreds digit of f?
5
Suppose 4*x = 72*x - 308108. What is the units digit of x?
1
Let g be (4/(-8) - 1/2) + 52. Let v = -56 + g. What is the tens digit of (-6 - 0)/((-129)/24 - v)?
1
Let s(h) = h**2 - 7*h - 17. Let p be s(-4). Suppose f - 4*f - p = 0. What is the units digit of (-1170)/(-24) - -2*f/24?
8
Let l(t) = t. Let x(a) = -3*a. Let i(f) = 4*l(f) + x(f). Let r be i(-6). What is the tens digit of r/(-21) + 6824/28?
4
Suppose 0*i - 2*i = -228. Suppose -6 = -5*m + i. What is the tens digit of m?
2
Let g = 345 - 167. Let i = g - -1056. What is the thousands digit of i?
1
Suppose -17*q = -957 - 35287. What is the thousands digit of q?
2
Let c(g) = 29*g - 7. Suppose 3*f = -2*x + 26, 2*x - 34 = -5*f + 16. Suppose -5*h + 3 = 2*u - 12, 2*h = -2*u + f. What is the tens digit of c(u)?
3
Let a = -17 + 42. Let v be (-1990)/a + (-2)/5. What is the units digit of 32/v + (-217)/(-5)?
3
Let k(d) = d**3 + 2*d**2 - d - 11. Let f be (((-575)/(-20))/23)/((-2)/(-8)). What is the units digit of k(f)?
9
Let x = -22 + 44. Let a = 27 - x. Suppose 0 = -9*r + a*r + 392. What is the tens digit of r?
9
Let j(w) = 688*w**2 + 10*w + 11. Let k = 606 + -607. What is the tens digit of j(k)?
8
What is the hundreds digit of 8 - (-2269 + -2) - 9?
2
Suppose 4*h - 79 = 2*b + 27, 2*b = -5*h + 110. Suppose 0 = -7*w + 18 + h. Suppose 98 = w*d - 184. What is the tens digit of d?
4
Suppose -a = -552 + 30. Let d be -3 - 344/(-120) - (-141)/45. Suppose 0 = -d*n + 2*o + a, -4*n + o + 2*o = -697. What is the tens digit of n?
7
Suppose 0 = -8*c + 24 + 8. What is the hundreds digit of -1 + c + (-3766)/(-14)?
2
What is the thousands digit of (-3 + 